{"id":2462,"date":"2024-04-16T12:48:55","date_gmt":"2024-04-16T10:48:55","guid":{"rendered":"http:\/\/nolimits-shop.com\/?page_id=2462"},"modified":"2024-04-19T15:06:19","modified_gmt":"2024-04-19T13:06:19","slug":"web-site-internet-boutique-en-ligne","status":"publish","type":"page","link":"https:\/\/nolimits-shop.com\/?page_id=2462","title":{"rendered":"Web &#8211; Site internet &#038; Boutique en ligne"},"content":{"rendered":"\t\t<div data-elementor-type=\"wp-page\" data-elementor-id=\"2462\" class=\"elementor elementor-2462\">\n\t\t\t\t<div class=\"elementor-element elementor-element-37b3bee e-flex e-con-boxed e-con e-parent\" data-id=\"37b3bee\" data-element_type=\"container\">\n\t\t\t\t\t<div class=\"e-con-inner\">\n\t\t\t\t<div class=\"elementor-element elementor-element-28269c9 elementor-widget elementor-widget-spacer\" data-id=\"28269c9\" data-element_type=\"widget\" data-widget_type=\"spacer.default\">\n\t\t\t\t<div class=\"elementor-widget-container\">\n\t\t\t\t\t\t\t<div class=\"elementor-spacer\">\n\t\t\t<div class=\"elementor-spacer-inner\"><\/div>\n\t\t<\/div>\n\t\t\t\t\t\t<\/div>\n\t\t\t\t<\/div>\n\t\t\t\t\t<\/div>\n\t\t\t\t<\/div>\n\t\t<div class=\"elementor-element elementor-element-61602ab e-flex e-con-boxed e-con e-parent\" data-id=\"61602ab\" data-element_type=\"container\">\n\t\t\t\t\t<div class=\"e-con-inner\">\n\t\t<div class=\"elementor-element elementor-element-0182706 e-con-full e-flex e-con e-child\" data-id=\"0182706\" data-element_type=\"container\">\n\t\t\t\t<div class=\"elementor-element elementor-element-6477954 elementor-arrows-position-inside elementor-pagination-position-outside elementor-widget elementor-widget-image-carousel\" data-id=\"6477954\" data-element_type=\"widget\" data-settings=\"{&quot;slides_to_show&quot;:&quot;1&quot;,&quot;navigation&quot;:&quot;both&quot;,&quot;autoplay&quot;:&quot;yes&quot;,&quot;pause_on_hover&quot;:&quot;yes&quot;,&quot;pause_on_interaction&quot;:&quot;yes&quot;,&quot;autoplay_speed&quot;:5000,&quot;infinite&quot;:&quot;yes&quot;,&quot;effect&quot;:&quot;slide&quot;,&quot;speed&quot;:500}\" data-widget_type=\"image-carousel.default\">\n\t\t\t\t<div class=\"elementor-widget-container\">\n\t\t\t\t\t\t\t<div class=\"elementor-image-carousel-wrapper swiper\" role=\"region\" aria-roledescription=\"carousel\" aria-label=\"Carrousel d\u2019images\" dir=\"ltr\">\n\t\t\t<div class=\"elementor-image-carousel swiper-wrapper swiper-image-stretch\" aria-live=\"off\">\n\t\t\t\t\t\t\t\t<div class=\"swiper-slide\" role=\"group\" aria-roledescription=\"slide\" aria-label=\"1 sur 2\"><figure class=\"swiper-slide-inner\"><img decoding=\"async\" class=\"swiper-slide-image\" src=\"https:\/\/nolimits-shop.com\/wp-content\/uploads\/2024\/04\/site-Fenninger-nolimits.jpg\" alt=\"site-Fenninger-nolimits\" \/><\/figure><\/div><div class=\"swiper-slide\" role=\"group\" aria-roledescription=\"slide\" aria-label=\"2 sur 2\"><figure class=\"swiper-slide-inner\"><img decoding=\"async\" class=\"swiper-slide-image\" src=\"https:\/\/nolimits-shop.com\/wp-content\/uploads\/2024\/04\/site-Jn-graf-nolimits.jpg\" alt=\"site-Jn-graf-nolimits\" \/><\/figure><\/div>\t\t\t<\/div>\n\t\t\t\t\t\t\t\t\t\t\t\t<div class=\"elementor-swiper-button elementor-swiper-button-prev\" role=\"button\" tabindex=\"0\">\n\t\t\t\t\t\t<i aria-hidden=\"true\" class=\"eicon-chevron-left\"><\/i>\t\t\t\t\t<\/div>\n\t\t\t\t\t<div class=\"elementor-swiper-button elementor-swiper-button-next\" role=\"button\" tabindex=\"0\">\n\t\t\t\t\t\t<i aria-hidden=\"true\" class=\"eicon-chevron-right\"><\/i>\t\t\t\t\t<\/div>\n\t\t\t\t\n\t\t\t\t\t\t\t\t\t<div class=\"swiper-pagination\"><\/div>\n\t\t\t\t\t\t\t\t\t<\/div>\n\t\t\t\t\t\t<\/div>\n\t\t\t\t<\/div>\n\t\t\t\t<\/div>\n\t\t<div class=\"elementor-element elementor-element-a8137ef e-con-full e-flex e-con e-child\" data-id=\"a8137ef\" data-element_type=\"container\">\n\t\t\t\t<div class=\"elementor-element elementor-element-7a26330 elementor-widget elementor-widget-text-editor\" data-id=\"7a26330\" data-element_type=\"widget\" data-widget_type=\"text-editor.default\">\n\t\t\t\t<div class=\"elementor-widget-container\">\n\t\t\t\t\t\t\t\t\t<h3>SITE VITRINE<\/h3><p>Votre site, c\u2019est la vitrine de votre entreprise sur internet. Aujourd\u2019hui, les clients et futurs clients font leurs recherches quasiment que sur le web, c\u2019est donc indispensable d\u2019avoir son propre site professionnel, efficace et optimis\u00e9, selon vos besoins. L\u2019un des \u00e9l\u00e9ments importants dans la conception de votre site, est l\u2019architecture et le design de votre structure et contenu.<\/p>\t\t\t\t\t\t\t\t<\/div>\n\t\t\t\t<\/div>\n\t\t\t\t<\/div>\n\t\t\t\t\t<\/div>\n\t\t\t\t<\/div>\n\t\t<div class=\"elementor-element elementor-element-a4f1d69 e-flex e-con-boxed e-con e-parent\" data-id=\"a4f1d69\" data-element_type=\"container\">\n\t\t\t\t\t<div class=\"e-con-inner\">\n\t\t<div class=\"elementor-element elementor-element-5827e5a e-con-full e-flex e-con e-child\" data-id=\"5827e5a\" data-element_type=\"container\">\n\t\t\t\t<div class=\"elementor-element elementor-element-66fd783 elementor-widget elementor-widget-image\" data-id=\"66fd783\" data-element_type=\"widget\" data-widget_type=\"image.default\">\n\t\t\t\t<div class=\"elementor-widget-container\">\n\t\t\t\t\t\t\t\t\t\t\t\t\t\t\t<img fetchpriority=\"high\" decoding=\"async\" width=\"640\" height=\"427\" src=\"https:\/\/nolimits-shop.com\/wp-content\/uploads\/2024\/04\/art-automobiles-site-nolimits-1024x683.jpg\" class=\"attachment-large size-large wp-image-2468\" alt=\"\" srcset=\"https:\/\/nolimits-shop.com\/wp-content\/uploads\/2024\/04\/art-automobiles-site-nolimits-1024x683.jpg 1024w, https:\/\/nolimits-shop.com\/wp-content\/uploads\/2024\/04\/art-automobiles-site-nolimits-300x200.jpg 300w, https:\/\/nolimits-shop.com\/wp-content\/uploads\/2024\/04\/art-automobiles-site-nolimits-768x512.jpg 768w, https:\/\/nolimits-shop.com\/wp-content\/uploads\/2024\/04\/art-automobiles-site-nolimits-570x380.jpg 570w, https:\/\/nolimits-shop.com\/wp-content\/uploads\/2024\/04\/art-automobiles-site-nolimits.jpg 1313w\" sizes=\"(max-width: 640px) 100vw, 640px\" \/>\t\t\t\t\t\t\t\t\t\t\t\t\t\t\t<\/div>\n\t\t\t\t<\/div>\n\t\t\t\t<\/div>\n\t\t<div class=\"elementor-element elementor-element-f863bbb e-con-full e-flex e-con e-child\" data-id=\"f863bbb\" data-element_type=\"container\">\n\t\t\t\t<div class=\"elementor-element elementor-element-764c15e elementor-widget elementor-widget-text-editor\" data-id=\"764c15e\" data-element_type=\"widget\" data-widget_type=\"text-editor.default\">\n\t\t\t\t<div class=\"elementor-widget-container\">\n\t\t\t\t\t\t\t\t\t<h2 class=\"elementor-heading-title elementor-size-default\">BOUTIQUE EN LIGNE<\/h2><p>Vendre en ligne est une opportunit\u00e9 pour de nombreuses entreprises. La cr\u00e9ation d\u2019un site e-commerce est un syst\u00e8me digital performant qui permet l\u2019acquisition de visiteurs qualifi\u00e9s sur votre site internet marchand puis la conversion de vos visiteurs en clients. Gagnez du temps avec vos ventes, et d\u00e9velopper votre business gr\u00e2ce \u00e0 votre boutique en ligne.<\/p>\t\t\t\t\t\t\t\t<\/div>\n\t\t\t\t<\/div>\n\t\t\t\t<\/div>\n\t\t\t\t\t<\/div>\n\t\t\t\t<\/div>\n\t\t<div class=\"elementor-element elementor-element-0355b98 e-flex e-con-boxed e-con e-parent\" data-id=\"0355b98\" data-element_type=\"container\">\n\t\t\t\t\t<div class=\"e-con-inner\">\n\t\t<div class=\"elementor-element elementor-element-82357ab e-con-full e-flex e-con e-child\" data-id=\"82357ab\" data-element_type=\"container\">\n\t\t\t\t<div class=\"elementor-element elementor-element-792bddf elementor-widget elementor-widget-image\" data-id=\"792bddf\" data-element_type=\"widget\" data-widget_type=\"image.default\">\n\t\t\t\t<div class=\"elementor-widget-container\">\n\t\t\t\t\t\t\t\t\t\t\t\t\t\t\t<img decoding=\"async\" width=\"556\" height=\"372\" src=\"https:\/\/nolimits-shop.com\/wp-content\/uploads\/2024\/04\/site-web-social-nolimits.jpg\" class=\"attachment-large size-large wp-image-2490\" alt=\"\" srcset=\"https:\/\/nolimits-shop.com\/wp-content\/uploads\/2024\/04\/site-web-social-nolimits.jpg 556w, https:\/\/nolimits-shop.com\/wp-content\/uploads\/2024\/04\/site-web-social-nolimits-300x201.jpg 300w\" sizes=\"(max-width: 556px) 100vw, 556px\" \/>\t\t\t\t\t\t\t\t\t\t\t\t\t\t\t<\/div>\n\t\t\t\t<\/div>\n\t\t\t\t<\/div>\n\t\t<div class=\"elementor-element elementor-element-32b66b9 e-con-full e-flex e-con e-child\" data-id=\"32b66b9\" data-element_type=\"container\">\n\t\t\t\t<div class=\"elementor-element elementor-element-9e3359a elementor-widget elementor-widget-text-editor\" data-id=\"9e3359a\" data-element_type=\"widget\" data-widget_type=\"text-editor.default\">\n\t\t\t\t<div class=\"elementor-widget-container\">\n\t\t\t\t\t\t\t\t\t<h2 class=\"elementor-heading-title elementor-size-default\">STRATEGIE DIGITALE<\/h2><p>Nous d\u00e9veloppons une strat\u00e9gie marketing digital cibl\u00e9e pour maximiser votre visibilit\u00e9 et votre impact en ligne. Cela inclut la cr\u00e9ation de contenus adapt\u00e9s \u00e0 chaque plateforme, la planification de campagnes publicitaires efficaces, et l&rsquo;optimisation de votre site internet pour un meilleur r\u00e9f\u00e9rencement et une exp\u00e9rience utilisateur optimale.<\/p><p>Nous proposons \u00e9galement la gestion compl\u00e8te et dynamique de vos r\u00e9seaux sociaux en cr\u00e9ant du contenu pertinent.<\/p>\t\t\t\t\t\t\t\t<\/div>\n\t\t\t\t<\/div>\n\t\t\t\t<\/div>\n\t\t\t\t\t<\/div>\n\t\t\t\t<\/div>\n\t\t\t\t<\/div>\n\t\t","protected":false},"excerpt":{"rendered":"<p>SITE VITRINE Votre site, c\u2019est la vitrine de votre entreprise sur internet. Aujourd\u2019hui, les clients et futurs clients font leurs recherches quasiment que sur le web, c\u2019est donc indispensable d\u2019avoir son propre site professionnel, efficace et optimis\u00e9, selon vos besoins. L\u2019un des \u00e9l\u00e9ments importants dans la conception de votre site, est l\u2019architecture et le design [&hellip;]<\/p>\n","protected":false},"author":1,"featured_media":0,"parent":0,"menu_order":0,"comment_status":"closed","ping_status":"closed","template":"elementor_header_footer","meta":{"om_disable_all_campaigns":false,"_monsterinsights_skip_tracking":false,"_monsterinsights_sitenote_active":false,"_monsterinsights_sitenote_note":"","_monsterinsights_sitenote_category":0,"footnotes":""},"aioseo_notices":[],"_links":{"self":[{"href":"https:\/\/nolimits-shop.com\/index.php?rest_route=\/wp\/v2\/pages\/2462"}],"collection":[{"href":"https:\/\/nolimits-shop.com\/index.php?rest_route=\/wp\/v2\/pages"}],"about":[{"href":"https:\/\/nolimits-shop.com\/index.php?rest_route=\/wp\/v2\/types\/page"}],"author":[{"embeddable":true,"href":"https:\/\/nolimits-shop.com\/index.php?rest_route=\/wp\/v2\/users\/1"}],"replies":[{"embeddable":true,"href":"https:\/\/nolimits-shop.com\/index.php?rest_route=%2Fwp%2Fv2%2Fcomments&post=2462"}],"version-history":[{"count":21,"href":"https:\/\/nolimits-shop.com\/index.php?rest_route=\/wp\/v2\/pages\/2462\/revisions"}],"predecessor-version":[{"id":2587,"href":"https:\/\/nolimits-shop.com\/index.php?rest_route=\/wp\/v2\/pages\/2462\/revisions\/2587"}],"wp:attachment":[{"href":"https:\/\/nolimits-shop.com\/index.php?rest_route=%2Fwp%2Fv2%2Fmedia&parent=2462"}],"curies":[{"name":"wp","href":"https:\/\/api.w.org\/{rel}","templated":true}]}}